i**3 - 2*i**2 + 22*i**3 + 3*i**2. Determine y(-1).
62
Let o(v) = -v**3 + 22*v**2 - 25*v + 1. Suppose -76 = -4*w + 8. Let n be o(w). Let s = -90 - n. Let b(q) = q + 6. Determine b(s).
-1
Let d(j) = -9*j + 229. Suppose 31*y - 34*y = -5*w - 55, 0 = y + w - 29. What is d(y)?
4
Let s(n) = -n**3 + 9*n**2 - 6*n - 4. Let p be (-529 - -550)*((-9)/(-7) - (-2)/(-2)). Calculate s(p).
68
Let n(w) = -15 + 26 + 2*w - 12 - w**2. Let q = -5031 - -5029. What is n(q)?
-9
Let u(t) = 3*t**2 - 2*t - 1. Let q be u(-1). Let b(n) = -3*n - 3 + 4 - q - 2. Let k be 1312/(-205) - (-4)/10. What is b(k)?
13
Suppose 19 - 3 = 4*x, 4*r - 3*x = 16. Let q(g) = -3*g + 7. Let b = -24 + 26. Let p(h) = 13*h - 27. Let v(z) = b*p(z) + 9*q(z). What is v(r)?
2
Let v be 2/7 + 19/7. Let r(b) be the second derivative of 1/10*b**5 - 2*b**2 + 1/2*b**3 - 371*b - 5/12*b**4 + 0. Give r(v).
14
Let z(x) = 4*x**3 - 2*x**2 + 4*x + 6. Let k(v) = v**3 + 1. Let u(q) = 5*k(q) - z(q). Let j(i) = -i**3 + 5*i**2 - 90*i + 248. Let n be j(3). What is u(n)?
-17
Let b(l) = 3*l**3 + 19*l**2 + 5*l - 14. Let k = -11270 - -11264. What is b(k)?
-8
Let t(a) = 2. Let n(j) = -15 + 20*j + 27*j - 41*j. Let q(w) = -n(w) - 6*t(w). What is q(1)?
-3
Let t(s) be the second derivative of 1/3*s**3 + 5*s + s**2 + 0. Let h(r) = -6*r + 234. Let b be h(38). Give t(b).
14
Let x(w) = -2*w + 1. Suppose -4*t - 3*y + 46 = 0, -836*t + 5*y - 58 = -840*t. Calculate x(t).
-13
Let h(u) = u + 1 - 4 - 1. Suppose 0 = -141*o - 754*o - 2685. What is h(o)?
-7
Suppose 3*w = -3*u + 520 - 67, 4*w - 451 = -3*u. Suppose -13*x + u = 36. Let l(z) = 2*z. Calculate l(x).
18
Suppose -7*p - 168 = 14*p + 7*p. Let y(z) = z**3 + 9*z**2 + 15*z - 21. Give y(p).
-3
Let y(l) be the third derivative of -l**4/12 + 5*l**3 - 2669*l**2. Calculate y(15).
0
Let y(m) = -2*m**2 + 3 - 2*m**2 - 14*m - 1 + 6*m + 2*m**2. Determine y(-5).
-8
Suppose 9 = -10*l + l. Let g be -154*l/4*(-4 - -6). Suppose 12*r + 5 = g. Let x(j) = -j**3 + 6*j**2 - 5. What is x(r)?
-5
Let h = -655 - -662. Let k(x) = -3*x - h*x + 0*x + 272*x**2 - 2*x + 2 - 271*x**2. Determine k(11).
-9
Let j = 309 + -290. Let b(r) = 34 + 2*r**2 + 6*r - 11 - j. Calculate b(-4).
12
Let b(p) = -p + 9. Let w = 172 + -184. Let x be (-15)/(-4) - (51/w - -4). What is b(x)?
5
Let f(u) = 2*u**2 + u. Let z be (-1414)/(-119) - (-8)/68. Suppose -2*d - z*h + 10*h + 12 = 0, -3*d + 4*h - 17 = 0. Give f(d).
3
Let b(h) be the second derivative of -h**5/20 - 2*h**4/3 - h**3 + 7*h**2/2 + 120*h. Let d be 1 - 1 - 0 - (-131 + 137). Give b(d).
-29
Let r(l) = 3*l**3 + 15*l**2 - 33*l - 160. Let x be r(-5). Let p(v) be the third derivative of -v**4/24 - v**3/3 - v**2. Determine p(x).
-7
Let u(s) = -s**2 + 4*s + 1. Let r be u(2). Let o be (-6)/8 - 44/(-16). Let y(n) = 0*n**o - 7*n**2 + 6*n + 3*n**3 + 4 - 2*n**3. Calculate y(r).
-16
Suppose 32*b - 37*b + 15 = 0. Suppose 3*k = b + 3. Suppose -g + 0*g - 2 = p, g + 5 = -k*p. Let n(u) = 11*u**2 + u. Give n(g).
12
Let g(x) = x**2 - 8*x - 8. Let c be g(10). Let t(a) = -2*a + 2150. Let l(k) = -3*k + 3009. Let b(j) = -5*l(j) + 7*t(j). What is b(c)?
17
Let t = -18 + 20. Suppose -3*g + t = 2*w - 13, 3*g + 6 = 5*w. Let f(y) = -y**2 - w*y + 0 + 1 + 4*y. Give f(2).
-1
Let y(s) be the third derivative of 17/60*s**5 + 0*s**3 - 49*s**2 + 0*s**4 + 0*s + 0. Give y(-1).
17
Let j(o) = o**3 + 11*o**2 + 10*o - 110. Let u be j(-8). Let x(b) be the first derivative of 1 + 1/2*b**2 - u*b. Give x(-8).
-10
Suppose 4*p + 380 - 384 = 0. Let t(x) = -x**2 - 10*x - 8. Let y(d) = -d + 1. Let h(c) = p*t(c) - y(c). Determine h(-8).
-1
Suppose 2*n - 31*h - 15 = -36*h, 4*n - 95 = 3*h. Let j(k) = 15*k - 298. What is j(n)?
2
Suppose -5*p + 0*n + n + 49 = 0, 3*n + 21 = p. Let m(b) = b**2 + 1. Let a(w) = w**3 - 5*w**2 - 7*w - 10. Let c(h) = -a(h) + 3*m(h). Give c(p).
-5
Let g(i) = -58*i - 185. Let o(t) = 49*t + 182. Let v(h) = -6*g(h) - 7*o(h). Calculate v(33).
1
Let r(c) = 2 - c + 4*c**3 - 2*c**3 + 6*c**3. Suppose 49*k - 48*k = 4*w - 9, 0 = -3*w + k + 8. Calculate r(w).
9
Let y(b) be the first derivative of -b**6/120 + b**5/20 + b**4/24 + 155*b**2/2 + 16. Let r(t) be the second derivative of y(t). Determine r(4).
-12
Let y(a) = -584 + 1154 - 8*a**2 + a - 584 + 0*a. Determine y(3).
-83
Suppose 3*t - 2*t = -5*a + 240, a = -4*t + 67. Let v = a - -220. Let f(j) = -267 + v - 5*j. What is f(2)?
-10
Suppose 1947*z = 1919*z - 196. Let x = 1 - 1. Let j(g) = -3 + x - 2 - 2*g. Determine j(z).
9
Let b(x) be the second derivative of -1 + x - 1/12*x**4 - 2*x**2 - 3/2*x**3. What is b(-6)?
14
Suppose 17*t - 19*t + 18 = 0. Let n(o) = -10*o + 23 - 37 - t*o**2 - 3*o**3 + 2*o + 4*o**3. Let u = 37 - 27. Calculate n(u).
6
Let u(q) = 11*q + 5. Suppose 6 = -168*x + 165*x. Calculate u(x).
-17
Let x = -556 + 553. Let i(c) = -c**3 - 3 - 9*c - 15*c**2 + 12*c**2 + 7*c. What is i(x)?
3
Suppose 4*o - 63 = -99. Let x = o + 17. Let n(d) = x*d + 2*d - 2*d - 5*d. Determine n(-5).
-15
Let v(m) be the second derivative of -7*m**5/20 + m**4/6 + m**3/6 + m + 108. Suppose -9*a = -3*a + 6. What is v(a)?
8
Let x(l) be the second derivative of l**3 + 3*l**2/2 - 974*l. Calculate x(5).
33
Suppose 5*r - 8*r - 12 = 0. Let u(g) = 2*g - 21. Let f(i) = 6*i - 99. Let z(a) = -2*f(a) + 9*u(a). Calculate z(r).
-15
Let b(g) = -3*g**3 + 79*g**2 - 216*g + 1144. Let z be b(24). Let n(o) = 7*o**2 + 0*o + 3 + 0 + o**3 - 8*o. Give n(z).
3
Let i(d) = 36*d - 63*d + 184 + 56*d + 15*d. Calculate i(-4).
8
Let o(g) be the third derivative of g**4/8 + g**3/3 + 7*g**2 + 78. What is o(-8)?
-22
Let p(s) = s**3 + s**2 + s + 20. Let n(r) = 4*r**2 - 12*r + 8. Let h(k) = -64*k - 62. Let d be h(-1). Let u be n(d). Calculate p(u).
20
Let l(o) = o**2 - 4. Suppose 0 = 4*u - 2*u + 3*n + 20, -2*u + 3*n + 4 = 0. Let g be (2 + u)*2 - -11. Let q be (g - (0 + 4)) + -3. Determine l(q).
-4
Let i = -4 + 2. Let z be 8 - ((2 - i) + -2*1). Let k(y) = -2*y - 4 + z + y + 0*y. Calculate k(3).
-1
Let o(l) = -27*l + 5. Let d(n) = 96*n - 7. Let x(r) = -d(r) - 4*o(r). Calculate x(8).
83
Let u(q) = q**3 + 9*q**2 + q + 11. Let y(i) = 7*i - 39. Let r be y(6). Suppose -3*a + 96 = r*w, 5*w = -0*a + 4*a + 151. Let v = 22 - w. Determine u(v).
2
Let k(q) = -q**2 - 10*q - 7. Let z = -166 + 201. Suppose 0*h = 4*o + h + z, 5*h = o - 7. What is k(o)?
9
Suppose -x - 9 = 2*d + 6, -d - 4*x = 11. Let r be (216/63)/((-1)/d). Let w(i) = r*i - 13*i - 12*i - 5. What is w(-8)?
3
Let c(s) be the first derivative of s**3 + 5*s**2/2 + 9*s - 216. Let j(t) = -5*t**2 - 10*t - 17. Let y(m) = -11*c(m) - 6*j(m). Give y(4).
-25
Let g(i) = i**3 - 15*i**2 + 15*i + 5. Let c = -958 - -972. What is g(c)?
19
Let f(l) = l**3 - 11*l**2 + 21*l - 8. Let j = 20006 + -19998. Determine f(j).
-32
Let j(g) = 7 - g**3 + 2 - 11 + 5 - 8*g**2 - 9*g + 11*g**2. Calculate j(3).
-24
Let x(p) = -p**3 - 10*p**2 + 11*p - 8. Let t(u) be the third derivative of u**4/8 - 23*u**3/6 + u**2 + 39. Let c be t(4). Give x(c).
-8
Let v(d) = -34*d**3 - 2*d**2 + 1. Let r = -3083 - -3082. Give v(r).
33
Let o(q) = -5*q + 14. Suppose -244*k + 1893 = -547. Determine o(k).
-36
Let l(w) be the first derivative of -16*w + 16 - 17/3*w**3 + 1/2*w**2 + 1/4*w**4. What is l(17)?
1
Let t(j) = -112*j + 337. Let r(k) = -36*k**3 + 900*k**2 + 3*k - 72. Let x be r(25). Give t(x).
1
Let s = -8 - -3. Let d(r) be the third derivative of -5*r**4/24 - 5*r**3/3 - 9242*r**2. Determine d(s).
15
Let k = -3829 + 3820. Let s(j) = j**3 + 9*j**2 - j - 27. Give s(k).
-18
Let x be (2/9)/(3/27). Let s(h) = -3 - 4*h + 5 + 5 - x*h + 2*h. Give s(3).
-5
Let o be 12 + -18 + -4 + 18. Let j(b) = -15*b - 12*b - b**2 + 38*b - 12. Give j(o).
12
Let i(z) = z**3 - 2*z**2 - z + 2. Let a(m) = -6*m**3 - 14*m**2 - 2*m + 10. Let h(v) = -a(v) + 5*i(v). Determine h(1).
12
Let i be -8*((-638)/8)/(-29). Let k(o) = o + 13. Give k(i).
-9
Let s(l) = 98*l - 10 + 103*l + 123*l - 322*l. Let x(h) = -h**3 + 6*h**2 + h + 2. Let d be x(6). What is s(d)?
6
Let i(v) be the second derivative of 39*v**3/2 + 465*v**2/2 + 1456*v. Determine i(-4).
-3
Let f(k) = -2*k - 20. Let v(i) = -3. Let j(g) = 5*g - 34. Let n be j(7). Let h(l) = n*f(l) - 8*v(l). Let d(s) = s**2 - s - 26. Let q be d(-5). What is h(q)?
-4
Let k(o) = o**2 + o - 4. Let p(i) = 15*i**2 + 13*i + 14. Let t be p(-1). Suppose -8 - t = 6*x. Calculate k(x).
8
Let i(j) = -2*j**3 + 67 + 2*j - 41 - 11 - 12 + 